f**3. Let d be o(4). Calculate the greatest common divisor of 3 and d.
1
Let q(z) be the first derivative of -z**4/4 - 8*z**3/3 - 4*z**2 - 5*z - 3. Let f be q(-7). Calculate the greatest common divisor of 18 and f.
2
Let i be (-48)/(-4) + -1 + -3. What is the highest common factor of i and 12?
4
Let w(f) = f + 1. Let x be w(3). Let p be (2/3)/(x/6). Calculate the greatest common factor of p and 3.
1
Suppose 6*r - 280 = -2*r. Suppose -t + 0*t + 35 = 0. Calculate the greatest common divisor of t and r.
35
Let i = -2 - -1. Let k be (-4)/(-4)*i*1. Let x be (3/(-4))/(k/8). What is the greatest common factor of 15 and x?
3
Let c(f) = f**3 - 3*f**2 + 2*f - 1. Let y be c(3). Suppose y*q - 2*q = 66. Let r be 6/(-4)*(-12)/9. Calculate the highest common factor of r and q.
2
Let n(w) = 6*w**3 + w**2 - 3. Let h be n(2). What is the highest common divisor of h and 147?
49
Let q = -56 - -126. What is the highest common divisor of 10 and q?
10
Suppose -25 = -2*q - 3*q. Suppose 4*u = -k - 0*k + 141, -129 = -4*u - q*k. What is the greatest common divisor of u and 24?
12
Let l be 24/40 + 204/10. What is the highest common divisor of l and 14?
7
Let x(l) = 3*l + 4. Let t be x(0). Suppose -27 = t*i - 335. What is the greatest common factor of i and 7?
7
Let y be (10/8)/(2/8). Suppose -y*x + 7 = -8. Let j = -6 + 15. What is the greatest common factor of x and j?
3
Let j(v) = 5*v**2 - v - 4. Let y be j(-3). Calculate the highest common factor of 22 and y.
22
Suppose 235 = 2*r - 7*r. Let n = 66 + r. What is the highest common divisor of n and 76?
19
Suppose 3*m + p - 76 = 0, -6*m - 3*p + 108 = -2*m. Calculate the greatest common divisor of m and 12.
12
Let p(g) = g**3 - 14*g**2 - 14*g - 10. Let s be p(15). Suppose -5*h = -4*q - 17, -4*h = -3*h - q - 3. What is the highest common factor of s and h?
5
Suppose -2*m + 167 = -99. Calculate the greatest common divisor of m and 19.
19
Let n be 2/9 - (-102)/27. Suppose n*a + 5 = -5*q - 0, a - 4*q = 4. Let o be -1 - -4 - a/6. Calculate the highest common divisor of o and 24.
3
Let u(v) = -4*v + 2*v + 2 + 1 + 0*v. Let b be u(-3). Calculate the highest common divisor of b and 1.
1
Let v = 28 + -25. Let q be (1 - v - -3)*140. What is the highest common factor of 14 and q?
14
Let c be (-298)/(-5) - (-6)/15. Let v(p) = 3*p**2 - 2*p - 1. Let o be 6/9 - (-16)/(-6). Let u be v(o). What is the greatest common factor of u and c?
15
Let r(a) = a**3 + 16*a**2 - 4*a - 20. Let k be r(-16). Calculate the highest common divisor of 66 and k.
22
Let k = 11 - -5. What is the highest common divisor of 4 and k?
4
Suppose 15*x = 9*x + 1302. What is the highest common factor of x and 31?
31
Let d(b) = -6*b + 3. Let n be d(-2). Let c = 1 + n. What is the highest common factor of 24 and c?
8
Let d(p) = -2*p - 8. Let z be d(-9). What is the greatest common factor of 40 and z?
10
Let h(k) = -7*k**2 - k - 2. Let a be h(2). Let f = a - -64. Calculate the greatest common factor of 4 and f.
4
Let w(x) = x**2 - 2*x - 14. Let i be w(-14). What is the greatest common factor of 42 and i?
42
Let m be (3/2)/((-3)/(-4)). Suppose -3*f + 6*q - 32 = m*q, -16 = f + 4*q. Let i = f - -24. Calculate the highest common factor of i and 84.
12
Let h = -12 - -14. Suppose 5*t = 5*l + 140, -2*t - h*l + 84 - 8 = 0. What is the highest common divisor of t and 3?
3
Let k be (-19*2)/(2 - 4). Calculate the greatest common factor of k and 133.
19
Let i = -12 - -26. What is the greatest common factor of 56 and i?
14
Suppose 4*i + 24 = 5*m, 0*i + 20 = 3*m - i. Let o = 42 - 74. Let g be ((-1)/2)/(2/o). What is the greatest common divisor of g and m?
8
Suppose 5*u = -3*m + 59, u - 8 = 3*m + 11. Suppose -2*d - d = 6. Let i = d + 93. Calculate the greatest common factor of i and u.
13
Let w(b) = -b**3 - 15*b**2 + 33*b + 9. Let i be w(-17). What is the greatest common divisor of i and 78?
26
Let t be (-3 - -6) + (-1 - 0) + 0. Calculate the highest common divisor of t and 22.
2
Suppose 2*n - 37 - 93 = -2*l, -5*l + 4*n + 307 = 0. Let s be 2*(-42)/4*-1. What is the highest common divisor of l and s?
21
Suppose 3*f + 4*v - 339 = 0, -2*f = -0*f + 5*v - 233. Suppose -2*c - o - f = -4*c, -2*c - o = -111. What is the highest common divisor of 11 and c?
11
Suppose -4*y = -7*y - 3*a, 5*a + 27 = 4*y. Suppose -y*k + 4*k = 22. Let o = 6 - -49. What is the greatest common divisor of o and k?
11
Let x(j) be the first derivative of -j**3/3 + j**2/2 - j + 1. Let k be x(2). Let y = 1 - k. Calculate the greatest common factor of 28 and y.
4
Suppose 4*d - 18 = 4*b + 38, d + 3*b - 10 = 0. What is the highest common factor of 52 and d?
13
Let s(a) = a**3 - 11*a**2 + 11*a + 1. Let m be s(10). What is the greatest common factor of m and 143?
11
Suppose 5*v = -4*i + 90, 27 = 2*v - 5*i - 42. Suppose -3*s = 2*h - 4*h - 14, 2*s = -5*h + v. Let q = s + -4. Calculate the highest common factor of 6 and q.
2
Suppose -69 = -p + 51. Suppose 3*m + 0*m = -2*y + 60, -2*m - p = -4*y. What is the highest common divisor of 75 and y?
15
Suppose -12*z + 264 = -4*z. Calculate the greatest common divisor of 22 and z.
11
Let d = 5 - 3. Suppose k = 4*h - 52, -d*h + 2*k - 12 = -32. Calculate the highest common factor of h and 140.
14
Let i(q) = q**3 + 4*q**2 - q + 1. Let r be i(-2). What is the highest common divisor of 55 and r?
11
Let q(y) = -2*y**2 + 2*y + 7. Let t be q(2). Calculate the greatest common factor of t and 39.
3
Let g(l) = -l**2 + 20*l + 4. Let r be g(19). What is the greatest common divisor of 161 and r?
23
Let c = 51 + -34. What is the greatest common divisor of c and 153?
17
Suppose -3*n = z - 94, 3*n - z = 2*z + 114. Suppose 3*l = -3*u + n, -3*u = 2*u - 3*l - 15. What is the highest common divisor of 4 and u?
2
Let g be (-10)/(-35) - (-1251)/7. Suppose -i - 35 = -g. Calculate the highest common divisor of 16 and i.
16
Let r be -2 + 3/(2 + 1). Let l be 1*r*2 + 7. Let x be (18/5)/(2/l). Calculate the highest common divisor of 1 and x.
1
Suppose 6*k - 90 = 4*k. Calculate the greatest common divisor of 15 and k.
15
Suppose 6*c - 12 = 3*c. Suppose -z = -0*z. Suppose -h + 4*g + 10 = -z, 6 = -3*g. Calculate the highest common factor of h and c.
2
Suppose 0*m = m. Suppose -2*y - d = -169, -2*y + 0*y - 3*d + 163 = m. Let o = y + -54. What is the greatest common divisor of 48 and o?
16
Suppose 2*m - 55 = -3*m. What is the highest common factor of m and 11?
11
Let i = -9 + 15. Suppose 0 = i*h - 41 + 5. What is the greatest common divisor of 6 and h?
6
Suppose -3*c + 102 = 5*l, 0 = -3*l + 2*c - c + 64. Calculate the highest common factor of l and 14.
7
Suppose -203 = -5*l + 17. Calculate the highest common divisor of l and 4.
4
Let x(f) = 29*f**3 + 1. Let z be x(1). Suppose 5*p - 45 = 10. Let i = 9 + p. Calculate the highest common divisor of i and z.
10
Let y = 48 - 7. Let z = y + 14. Suppose -2*m + 22 = -3*n, 5*m = 2*n - 22 + 55. What is the greatest common factor of m and z?
5
Suppose -32 = 4*z - 188. Let p = 65 - z. What is the highest common factor of 78 and p?
26
Let k(y) = y**2 + 5*y - 3. Let d be k(-6). Let f be (9/6)/(d/16). Calculate the greatest common factor of 2 and f.
2
Suppose 13 - 145 = -3*c. Let w = -25 + c. Calculate the greatest common factor of 38 and w.
19
Let s(r) = r**3 - 7*r**2 - 12*r + 11. Suppose 4*c + 2 = 2*j, 6*j - 3*c - 6 = 4*j. Let h be s(j). Calculate the greatest common divisor of h and 13.
13
Suppose 3*h + 26 = 236. Suppose 7*f - 2*f = 380. Suppose -x = -3*x - 5*k + 76, -3*x + 2*k + f = 0. Calculate the highest common divisor of h and x.
14
Let s(b) = b**2 - 3*b + 6. Let p be s(6). What is the highest common factor of p and 16?
8
Suppose 4*f + w - 3*w = 20, 0 = 4*f + 4*w - 20. Suppose f*a - 2*d - 86 = -5*d, a - 24 = -4*d. Let p = 79 + 97. Calculate the greatest common factor of p and a.
16
Suppose 0 = t + 3*w - 10, 2*w - 2 = 4*t - 14. Calculate the greatest common divisor of t and 1.
1
Suppose -4 = -j - g + 1, -2*j + 2*g = -2. Suppose j*d + 3*w + 2*w - 165 = 0, w = 4*d - 243. Calculate the greatest common factor of 15 and d.
15
Suppose 0 = 5*y - 0*y - 30. Calculate the highest common factor of 54 and y.
6
Let s be (5 - 0 - -5) + -1. What is the highest common divisor of s and 15?
3
Suppose 3*r = -2*r + 5. Let c be 0/1 - (-36 + r). Suppose -2*v + 3*a + c = 0, 8*a - 4*a = 4. Calculate the h